prime factors of (5/(100/105))/(1/o).
3, 5, 7
List the prime factors of (-2)/(-4)*((-4789611)/(-203) - (-2)/(-14)).
47, 251
Let l(a) = 58*a + 428. What are the prime factors of l(19)?
2, 3, 5, 17
Suppose -2 = -2*p + 8. Suppose 3*t - 7*t + 2*s = -14, -p*t - 4*s + 50 = 0. What are the prime factors of (3/(-2))/(t/(-4))*107?
107
Let u(z) = -z**2 - 3*z + 8. Suppose 10*d = 7*d - 12. Let c be u(d). Suppose 5*t - 15 = 0, -3*p + c*t = -0*p - 9. What are the prime factors of p?
7
Suppose 17*v - 15*v = 2*s + 12, -5*v = 2*s - 58. What are the prime factors of 2/v - 83904/(-80)?
1049
Let b be 6 + 0 - 3*2/(-3). Suppose -10*x + 340 = -b*x. Suppose -4*v + 146 = o, -2*v + x = o - 6*v. List the prime factors of o.
2, 79
Suppose 2*h = 3*p - 388, -4*p - h = -2*p - 261. Let u(t) = 113*t - 506. Let y be u(5). Let i = p - y. What are the prime factors of i?
71
What are the prime factors of ((-680)/(-51) + -10)*104730/25?
2, 3491
Let g be -70*(-1)/(-3)*(-36)/30. Let b(h) = 13*h + g - 4*h + 2. List the prime factors of b(15).
3, 5, 11
Let i(v) = -v + 13. Let h be i(10). Suppose 4*o = j - h*j + 28, -j - o = -9. Suppose 3*g - j*m - 169 = 0, 2*g + g = -4*m + 185. What are the prime factors of g?
59
Let s be -1*1*(-5 + 6)*-14. Suppose -s*n - 949 = 731. Let g = 195 + n. List the prime factors of g.
3, 5
Let j = -181 - -299. Let x = 38 + j. What are the prime factors of (((-20)/6)/5)/((-2)/x)?
2, 13
Let a = 83091 - 58647. List the prime factors of a.
2, 3, 7, 97
What are the prime factors of ((-129138)/(-20) - 100/200)/((-6)/(-15))?
16141
Suppose w + 8 = -4. What are the prime factors of -5 - (3 - (-7482)/w)*2?
2, 3, 103
Suppose 2*l - 4*c - 3672 = 0, -4*l + 7*c = 6*c - 7358. What are the prime factors of l?
2, 5, 23
Let b be (135 - 0)*(-81)/(-45). Let l = -27 + b. List the prime factors of l.
2, 3
Let f = 152 + -260. Let l be 3 - (f + 5 - -1). Let n = 154 - l. What are the prime factors of n?
7
Suppose -285*u = -280*u - 117873 - 105982. List the prime factors of u.
44771
Suppose -29*z + 713 = 17. Suppose l + 3*q - 9 = -0*l, -9 = 3*l - 3*q. Let c = l + z. What are the prime factors of c?
2, 3
Suppose s + 4 = -3*t, -9 = 4*t + s - 4. What are the prime factors of ((-2484)/345)/(94/(-90) - t)?
2, 3
Suppose 13*p + 55*p = -33*p + 465711. What are the prime factors of p?
3, 29, 53
Suppose -118*o + 336 = -124*o. Let g = o - -428. What are the prime factors of g?
2, 3, 31
Let f be 3*(-3)/6*(-6)/(-9). Let q be f - 2 - 8/(-1). Suppose -137 = -n - 0*n - 5*i, 2*n - q*i = 289. What are the prime factors of n?
2, 71
Let j = -240 - -8. List the prime factors of (-90857)/j - 3/(-8).
2, 7
Let t(f) be the second derivative of 2*f**4/3 + 5*f**2 + 12*f. Let n be t(7). Suppose 3*l + 274 = 5*o + 891, -2*l + n = -o. List the prime factors of l.
199
Suppose 8 = -2*x, -x - 2*x - 32 = -5*k. Suppose -469 = -k*g + 1091. List the prime factors of g.
2, 3, 5, 13
Suppose -43*f + 40*f - 18 = 0. Let z(o) = -o**2 - 9*o - 16. Let l be z(f). Suppose -l*c = -m - 63 + 12, 0 = -2*c - m + 45. List the prime factors of c.
2, 3
Let g be 2/8 + (-76947)/(-52). Suppose 0 = 10*d - g - 10. What are the prime factors of d?
149
Let t = 741 - 739. Suppose 0 = t*u - 15*u + 12441. List the prime factors of u.
3, 11, 29
Let j(h) = 3*h**3 + 175*h**2 - 12*h + 43. What are the prime factors of j(-10)?
11, 31, 43
Let d = -6878 - -7512. List the prime factors of d.
2, 317
Suppose 15*r - 56138 = 40025 + 60662. List the prime factors of r.
3, 5, 17, 41
Let s(d) = -8*d + 69. Let f(b) = -41*b + 343. Let k(q) = 2*f(q) - 11*s(q). List the prime factors of k(21).
53
Let l(c) = -22*c + 211. Let u(f) = 12*f - 105. Let w(t) = 3*l(t) + 5*u(t). What are the prime factors of w(-30)?
2, 3
Suppose -3*m + 20 = 2*a - 5*m, -4*a + 3*m + 35 = 0. Suppose -62*s = a*i - 61*s - 4206, 2520 = 3*i - 3*s. List the prime factors of i.
29
Let f = 326 - 323. Suppose -f*n + 1103 = l, -11*l + 12*l - 4*n - 1124 = 0. What are the prime factors of l?
2, 139
Let h = -22147 - -43019. What are the prime factors of h?
2, 2609
Let d(k) = 333*k + 4. Let n be d(-2). List the prime factors of 1*(-4)/8*n.
331
Let l = -5488 + 9582. List the prime factors of l.
2, 23, 89
List the prime factors of (-7812732)/(-588) - 20/(-490).
3, 43, 103
Let k be (-5860)/(-36) + (8/9)/4. Let a = -39 + k. Let b = a + -69. What are the prime factors of b?
5, 11
Suppose -4*u - 5*b + 12979 = 0, -2*b = -3*u + 2*b + 9773. List the prime factors of u.
3251
Suppose 27532*p - 27510*p - 550616 = 0. What are the prime factors of p?
2, 6257
Let t(f) = -31*f**3 - 8*f**2 - 10*f - 14. Suppose -6*r - 58 + 40 = 0. What are the prime factors of t(r)?
11, 71
Let o(t) = 413*t**3 + 4*t - 3. Suppose -3*f - d = -8, -3*f - 3*d + 17 = -f. List the prime factors of o(f).
2, 3, 23
Let v(q) = 57*q**2 - 2 + 21 - 1 - 12 - 14*q - 9. List the prime factors of v(-3).
2, 3, 23
Let k(q) = 7*q**3 - 24*q**2 - 41*q + 24. Let m(s) = -13*s**3 + 47*s**2 + 81*s - 47. Let d(c) = 11*k(c) + 6*m(c). List the prime factors of d(19).
2, 11, 13
Let l(f) = 2*f**3 + f**2 - 2*f - 4. Let p be l(0). Let y(a) = -31*a + 46. What are the prime factors of y(p)?
2, 5, 17
Let v = 509 - 181. Let z = v - 84. List the prime factors of z.
2, 61
Let d(t) = -t**2 - t - 2. Let h(n) = n**3 - 21*n**2 + 57*n + 8. Let i(r) = -5*d(r) - h(r). List the prime factors of i(10).
2, 541
Let l(n) = -n**3 + 7*n**2 + 9*n - 3. Let h be l(8). Let o = 254 + -251. Suppose z = h*z - 5*t - 196, o*t - 164 = -4*z. List the prime factors of z.
2, 11
Let w(f) = f**2 - 15*f + 1 + 9*f - 1 + 5 + 695*f**3. List the prime factors of w(1).
5, 139
Let c(n) = -156*n - 140. Let v(h) = -31*h - 28. Let x(l) = -4*c(l) + 22*v(l). List the prime factors of x(-3).
2, 59
Suppose 18*n = 21*n - 5*s - 44861, -2*s + 14939 = n. List the prime factors of n.
14947
Let o(s) = -83*s + 56. Let v(h) = 167*h - 114. Let m(c) = -13*o(c) - 6*v(c). What are the prime factors of m(9)?
11, 59
Let a(n) = n**2 - 6*n + 4. Let p be a(6). Suppose 4*z + 3*q - 255 = 341, 3*z - p*q - 447 = 0. Suppose 3*f = 28 + z. What are the prime factors of f?
59
Suppose 8*m - 2601 = -m. Let q = 407 - m. List the prime factors of q.
2, 59
Let a be ((-3)/(3/40))/(2 + -4). Let o(y) = y**2 - 3*y - 43. List the prime factors of o(a).
3, 11
Let j be (0 - 1)/(-5) - 34332/60. List the prime factors of -6 - (j + (-6)/3).
2, 71
What are the prime factors of (-35 + 3)*14/(-168)*(4826 - -1)?
2, 1609
Suppose 0 = 21*h + 126751 - 434926. List the prime factors of h.
5, 587
Suppose 80 = 22*j + 18*j. List the prime factors of (1367/j)/(23/46).
1367
Suppose 4*c = 3*j - 53091 + 215443, 0 = 2*c + 2*j - 81204. List the prime factors of c.
2, 20297
Suppose -2*j + t + 4 = 0, -3*j = -j - 4*t - 16. List the prime factors of (j + 22)/(30/1425) + -2.
7, 149
Let v(o) = o**3 - 2*o**2 - 4*o + 6. Let t be v(3). Suppose y = b - 339, -5*y - 16 - 993 = -t*b. Suppose 4*z - b = 201. What are the prime factors of z?
2, 17
Let x = 8355 - 3571. What are the prime factors of x?
2, 13, 23
Suppose 4*u = -113 + 753. Let g = -377 + u. What are the prime factors of -1 + g/(-2) - (-1)/2?
2, 3
Suppose -140 = -11*b - 9*b. What are the prime factors of (12 + -2)*(3 - -5)*b?
2, 5, 7
Let g(t) = t**3 + 10*t**2 - t - 17. Let a = 17 + -27. Let y be g(a). What are the prime factors of (y + 4 + 7)*37?
2, 37
Suppose -21*n - 42 = -35*n. What are the prime factors of (-9 - -2)*-253 + n?
2, 887
Suppose -3*t = 3*j - 36, 0 = -2*t - 0*j + j + 9. Suppose t = c - i, 0 = c + i + 3*i + 8. Suppose -503 = -c*k - 35. What are the prime factors of k?
3, 13
Let i(g) = -g**3 - 4*g**2 + g + 11. Let o be i(-3). Let r(m) = -14*m**3 + m**2 + m + 1. What are the prime factors of r(o)?
3, 5
Let l = -47 + 58. Suppose 9*o + 11 = 29. Suppose 121 = o*j - l. List the prime factors of j.
2, 3, 11
Let u(z) = 53*z**3 - 16*z**3 - 2*z - 15*z**2 + 19*z**2 - 5. What are the prime factors of u(2)?
3, 101
Suppose 79 = -d + y + 32, -4*d - 168 = y. Let i = 52 + d. Suppose i*r - 3*r = 162. What are the prime factors of r?
3
Let h(m) = m**3 - 2*m**2 - 2*m + 16. Suppose 13 + 83 = 16*k. List the prime factors of h(k).
2, 37
Suppose -3*v + 5019 = s + 114, 0 = 4*v + 5*s - 6529. Suppose v + 5330 = -2*x. What are the prime factors of x/(-24) + 3/(-24)?
5, 29
Suppose -5*x = -4*s + 3270, 0 = -7*s + 2*s - 5*x + 4065. List the prime fac